7890800?
8
What is the ten millions digit of 1753428462?
5
What is the ten thousands digit of 605997249?
9
What is the hundred millions digit of 4033419802?
0
What is the hundred thousands digit of 60752169?
7
What is the hundred thousands digit of 4182607039?
6
What is the thousands digit of 637172387?
2
What is the units digit of 97660351?
1
What is the units digit of 35704210?
0
What is the hundred millions digit of 2349372012?
3
What is the ten millions digit of 2064683045?
6
What is the thousands digit of 10577983?
7
What is the hundred thousands digit of 188315986?
3
What is the ten thousands digit of 951280067?
8
What is the ten millions digit of 108998158?
0
What is the ten millions digit of 419913644?
1
What is the millions digit of 8969786?
8
What is the units digit of 3042871402?
2
What is the billions digit of 1415666770?
1
What is the ten millions digit of 151308545?
5
What is the hundred thousands digit of 51660452?
6
What is the ten thousands digit of 196124541?
2
What is the units digit of 228322384?
4
What is the millions digit of 30821437?
0
What is the ten millions digit of 40359983?
4
What is the millions digit of 87130083?
7
What is the ten thousands digit of 129626326?
2
What is the hundreds digit of 209925907?
9
What is the hundreds digit of 80054349?
3
What is the ten thousands digit of 677433525?
3
What is the units digit of 271618450?
0
What is the millions digit of 776282826?
6
What is the millions digit of 5498533613?
8
What is the hundred thousands digit of 204114565?
1
What is the hundred millions digit of 2922162169?
9
What is the ten millions digit of 44652788?
4
What is the millions digit of 24278946?
4
What is the hundred millions digit of 363532710?
3
What is the tens digit of 3640113490?
9
What is the thousands digit of 127840601?
0
What is the ten thousands digit of 120294745?
9
What is the millions digit of 38234283?
8
What is the hundred millions digit of 246759816?
2
What is the thousands digit of 51630270?
0
What is the thousands digit of 38905367?
5
What is the thousands digit of 15900610?
0
What is the billions digit of 3622176124?
3
What is the millions digit of 74109372?
4
What is the hundred thousands digit of 789844125?
8
What is the millions digit of 49130339?
9
What is the units digit of 4166523479?
9
What is the thousands digit of 2999937286?
7
What is the thousands digit of 648391111?
1
What is the ten thousands digit of 163377225?
7
What is the thousands digit of 239244861?
4
What is the ten millions digit of 1086765650?
8
What is the hundred millions digit of 240865484?
2
What is the hundred millions digit of 2038378334?
0
What is the hundred thousands digit of 92782236?
7
What is the units digit of 1811843738?
8
What is the ten millions digit of 295563868?
9
What is the ten thousands digit of 7625624?
2
What is the hundred millions digit of 153964434?
1
What is the ten thousands digit of 42132033?
3
What is the hundred thousands digit of 2744881636?
8
What is the hundred thousands digit of 91455279?
4
What is the hundred millions digit of 3125103376?
1
What is the billions digit of 4271046123?
4
What is the hundred millions digit of 646595319?
6
What is the units digit of 76674782?
2
What is the hundreds digit of 38779331?
3
What is the ten thousands digit of 75523779?
2
What is the tens digit of 28324165?
6
What is the millions digit of 18803165?
8
What is the thousands digit of 4905120512?
0
What is the billions digit of 1081400553?
1
What is the millions digit of 157593084?
7
What is the ten thousands digit of 747253651?
5
What is the thousands digit of 1335538958?
8
What is the hundreds digit of 213662547?
5
What is the millions digit of 87897762?
7
What is the tens digit of 46388207?
0
What is the hundred millions digit of 3001199504?
0
What is the ten millions digit of 292845757?
9
What is the billions digit of 2080531371?
2
What is the hundred millions digit of 2184969395?
1
What is the hundreds digit of 1721865619?
6
What is the units digit of 106700943?
3
What is the tens digit of 692391261?
6
What is the hundred thousands digit of 22982786?
9
What is the thousands digit of 22507192?
7
What is the millions digit of 54009888?
4
What is the thousands digit of 95170499?
0
What is the units digit of 282215651?
1
What is the thousands digit of 100580021?
0
What is the billions digit of 2459878051?
2
What is the millions digit of 3826946773?
6
What is the thousands digit of 488676074?
6
What is the ten thousands digit of 1287679592?
7
What is the ten thousands digit of 24006768?
0
What is the hundred millions digit of 5404196333?
4
What is the units digit of 108887313?
3
What is the ten millions digit of 131642505?
3
What is the units digit of 6363291?
1
What is the ten millions digit of 181647249?
8
What is the hundreds digit of 2638381965?
9
What is the millions digit of 170055876?
0
What is the ten thousands digit of 7026582089?
8
What is the hundred millions digit of 980368284?
9
What is the billions digit of 1181222663?
1
What is the ten millions digit of 247513043?
4
What is the units digit of 1234697585?
5
What is the ten millions digit of 23724434?
2
What is the thousands digit of 81808829?
8
What is the millions digit of 1758181777?
8
What is the ten millions digit of 2979797332?
7
What is the tens digit of 30361690?
9
What is the thousands digit of 6162718?
2
What is the thousands digit of 13976547?
6
What is the hundreds digit of 129619286?
2
What is the units digit of 124904124?
4
What is the hundred millions digit of 2667481145?
6
What is the units digit of 4427507949?
9
What is the hundred millions digit of 588997816?
5
What is the ten thousands digit of 97582420?
8
What is the hundred millions digit of 876664576?
8
What is the ten thousands digit of 26671239?
7
What is the ten millions digit of 458408337?
5
What is the units digit of 653217757?
7
What is the millions digit of 181911035?
1
What is the ten thousands digit of 2318302445?
0
What is the hundreds digit of 126571369?
3
What is the thousands digit of 197179024?
9
What is the ten thousands digit of 1004484570?
8
What is the units digit of 820904965?
5
What is the thousands digit of 7517833?
7
What is the hundred thousands digit of 63297248?
2
What is the millions digit of 690742046?
0
What is the hundred millions digit of 1773464846?
7
What is the ten thousands digit of 20563804?
6
What is the units digit of 2625535219?
9
What is the hundreds digit of 11728266?
2
What is the hundred millions digit of 294545128?
2
What is the thousands digit of 594863756?
3
What is the units digit of 798521133?
3
What is the ten millions digit of 220325941?
2
What is the millions digit of 425424071?
5
What is the millions digit of 780949543?
0
What is the hundred thousands digit of 64063798?
0
What is the millions digit of 23852126?
3
What is the millions digit of 929519308?
9
What is the ten thousands digit of 42814474?
1
What is the thousands digit of 137011474?
1
What is the ten thousands digit of 278367120?
6
What is the units digit of 1865177841?
1
What is the hundred thousands digit of 47255491?
2
What is the ten millions digit of 142105082?
4
What is the hundreds digit of 381301418?
4
What is the units digit of 95603213?
3
What is the hundred millions digit of 2362259215?
3
What is the units digit of 1197245750?
0
What is the hundred millions digit of 150880084?
1
What is the tens digit of 1456750472?
7
What is the thousands digit of 51082552?
2
What is the hundreds digit of 249250428?
4
What is the hundreds digit of 4955477780?
7
What is the thousands digit of 2446361303?
1
What is the hundreds digit of 26967456?
4
What is the units digit of 157383964?
4
What is the units digit of 117359687?
7
What is the hundreds digit of 602200076?
0
What is the hundred thousands digit of 40898797?
8
What is the hundred thousands digit of 2519761095?
7
What is the millions digit of 94219797?
4
What is the ten thousands digit of 634132230?
3
What is the units digit of 233723691?
1
What is the tens digit of 778002309?
0
What is the hundreds digit of 3821991887?
8
What is the thousands digit of 42620967?
0
What is the thousands digit of 86970595?
0
What is the millions digit of 23875431?
3
What is the millions digit of 1593676259?
3
What